t common factor of 1725 and 314502?
69
Calculate the greatest common divisor of 173836 and 91.
13
Calculate the greatest common divisor of 675 and 768051.
9
Calculate the greatest common divisor of 2515 and 56401893.
503
Calculate the highest common divisor of 46552 and 454388.
1012
Calculate the greatest common divisor of 10992808 and 152.
8
What is the highest common factor of 700 and 1020040?
140
What is the highest common divisor of 228 and 4662804?
12
Calculate the greatest common factor of 665 and 284886.
133
What is the greatest common factor of 1695516 and 79692?
2748
What is the greatest common factor of 1053 and 21045648?
39
Calculate the highest common divisor of 2030774306 and 22.
22
What is the greatest common factor of 3816 and 59717538?
954
Calculate the greatest common factor of 20366 and 176429460.
1198
What is the highest common divisor of 44392 and 1280?
8
Calculate the greatest common factor of 664973768 and 412.
412
What is the highest common factor of 11703483 and 22471?
977
Calculate the highest common divisor of 754 and 822770.
26
Calculate the greatest common divisor of 5134765 and 1445.
85
What is the greatest common factor of 7436 and 83175378?
3718
What is the highest common divisor of 1296 and 3455118?
18
What is the highest common factor of 66582 and 249614?
274
Calculate the highest common factor of 475 and 323497325.
475
What is the highest common divisor of 602 and 7129?
1
Calculate the highest common factor of 1 and 365261833.
1
What is the highest common divisor of 201940164 and 252?
36
What is the greatest common factor of 1776 and 2194026?
222
What is the highest common divisor of 3640 and 244866440?
3640
What is the highest common factor of 5660 and 333780?
20
What is the highest common divisor of 3915814 and 2702?
14
Calculate the greatest common factor of 4634 and 391213534.
662
Calculate the highest common divisor of 568085814 and 18.
18
Calculate the highest common divisor of 1282138 and 21866.
26
What is the greatest common divisor of 207 and 3590967?
69
What is the highest common divisor of 414 and 650799?
9
What is the greatest common divisor of 8266 and 333876139?
4133
What is the highest common divisor of 5475 and 90949605?
1095
What is the greatest common factor of 16009 and 46357490?
2287
Calculate the greatest common divisor of 1170 and 3354570.
90
What is the highest common factor of 6472335 and 1922?
961
What is the highest common factor of 5106 and 3714270?
138
Calculate the highest common divisor of 1179 and 2439.
9
Calculate the highest common factor of 96 and 42354464.
32
Calculate the greatest common factor of 5062 and 72409379.
2531
Calculate the greatest common factor of 183770 and 134687430.
7990
Calculate the highest common divisor of 45 and 301585.
5
What is the greatest common factor of 1743 and 57617?
7
What is the greatest common factor of 106263 and 549?
9
What is the highest common divisor of 3237182 and 418?
38
What is the highest common divisor of 23552128 and 1664?
128
Calculate the highest common divisor of 610956108 and 4698.
4698
Calculate the greatest common divisor of 954881 and 32663.
89
Calculate the greatest common divisor of 47062268 and 22.
22
What is the greatest common divisor of 2597 and 15689590?
371
What is the greatest common divisor of 20740 and 64134302?
2074
What is the greatest common factor of 8953579 and 19?
19
Calculate the greatest common divisor of 40 and 52377592.
8
What is the highest common factor of 133967132 and 52?
52
Calculate the greatest common divisor of 3656 and 463822096.
3656
What is the greatest common factor of 2169 and 8473560?
723
What is the highest common divisor of 258116 and 1894004?
692
Calculate the highest common divisor of 11042358 and 57.
3
Calculate the greatest common divisor of 3978 and 720732.
102
What is the greatest common factor of 296 and 8312?
8
Calculate the greatest common divisor of 44737 and 467456.
913
What is the greatest common factor of 7 and 376960045?
7
What is the greatest common divisor of 20 and 5165420?
20
What is the highest common divisor of 83791987 and 356?
89
What is the greatest common factor of 27133583 and 25973?
1367
Calculate the highest common factor of 101460 and 15540.
60
Calculate the greatest common divisor of 2484 and 111322944.
2484
Calculate the greatest common factor of 4868968 and 2392.
104
What is the highest common factor of 260595 and 990?
45
What is the highest common divisor of 455445 and 44323?
349
Calculate the greatest common factor of 20702280 and 480.
120
What is the greatest common factor of 78 and 974058566?
26
Calculate the greatest common divisor of 13246 and 7363.
37
Calculate the highest common factor of 13936 and 1947020.
268
Calculate the greatest common divisor of 1569708 and 5418.
126
What is the greatest common divisor of 690116228 and 7604?
7604
Calculate the highest common divisor of 90645936 and 144.
48
What is the greatest common factor of 4703766 and 18?
6
What is the highest common factor of 420 and 168252?
84
Calculate the greatest common factor of 247825 and 17135.
115
What is the highest common divisor of 576 and 6144208?
16
What is the greatest common factor of 4268 and 21867098?
2134
What is the greatest common divisor of 2788736 and 128?
128
What is the highest common divisor of 3888258 and 3102?
66
Calculate the highest common divisor of 922893 and 39.
3
What is the highest common divisor of 1109 and 78602593?
1109
What is the greatest common factor of 127687 and 2331?
259
What is the greatest common divisor of 16968348 and 45288?
1332
What is the highest common factor of 39707232 and 4?
4
Calculate the highest common divisor of 29766 and 58346772.
2706
Calculate the greatest common divisor of 15498475 and 425.
425
Calculate the greatest common factor of 19506516 and 60.
12
Calculate the greatest common divisor of 7275 and 26275.
25
What is the greatest common factor of 245112939 and 558?
279
What is the highest common factor of 547145 and 1435?
205
What is the greatest common divisor of 262448 and 60028?
1396
What is the greatest common factor of 7266 and 162447?
519
What is the highest common divisor of 24 and 29823840?
24
Calculate the highest common divisor of 4 and 21122130.
2
What is the highest common divisor of 1131 and 4307199?
39
Calculate the greatest common factor of 17952866 and 4.
2
What is the greatest common divisor of 21 and 666130563?
21
What is the greatest common factor of 279859722 and 46?
46
Calculate the greatest common divisor of 355 and 8761542.
71
Calculate the greatest common divisor of 546437 and 1209.
31
What is the highest common factor of 34 and 1587612?
2
Calculate the highest common divisor of 5 and 85050580.
5
Calculate the greatest common factor of 10634 and 203606.
26
What is the greatest common factor of 414719 and 2977?
229
What is the greatest common divisor of 15735420 and 608?
76
What is the greatest common divisor of 442827 and 85239?
2079
What is the greatest common factor of 8914350 and 26130?
2010
What is the greatest common divisor of 69089996 and 6208?
388
Calculate the highest common divisor of 240563625 and 282.
141
Calculate the greatest common divisor of 62 and 260202251.
31
What is the greatest common factor of 6260 and 539064250?
3130
What is the greatest common factor of 162 and 2213682?
6
What is the greatest common factor of 1764021 and 245490?
3507
Calculate the highest common factor of 873935579 and 6457.
6457
What is the greatest common factor of 648 and 5489532?
324
What is the greatest common divisor of 11795648 and 474?
158
What is the greatest common divisor of 30600 and 32220?
180
Calculate the greatest common factor of 662 and 213907426.
662
Calculate the greatest common divisor of 14496 and 59640168.
3624
Calculate the greatest common divisor of 230169300 and 3624.
1812
What is the greatest common divisor of 99 and 173498589?
99
What is the highest common divisor of 1529627463 and 2646?
1323
Calculate the greatest common factor of 37128164 and 92.
92
What is the greatest common factor of 311547 and 20184?
87
What is the greatest common divisor of 8956377 and 369?
9
Calculate the greatest common divisor of 78 and 225374006.
26
What is the highest common divisor of 4007765 and 190?